Is 55 a factor of 21780?
True
Does 10 divide 1540?
True
Is 71 a factor of 95211?
True
Does 37 divide 4440?
True
Is 3381 a multiple of 3?
True
Is 48 a factor of 6672?
True
Is 12 a factor of 4740?
True
Is 218 a multiple of 178?
False
Does 84 divide 756?
True
Is 23 a factor of 3351?
False
Is 1154 a multiple of 13?
False
Does 85 divide 9180?
True
Is 20104 a multiple of 10?
False
Does 30 divide 58921?
False
Is 8 a factor of 2303?
False
Does 11 divide 66?
True
Does 18 divide 84510?
True
Does 8 divide 2593?
False
Does 2 divide 12238?
True
Does 20 divide 560?
True
Does 32 divide 2912?
True
Is 1472 a multiple of 23?
True
Does 41 divide 17958?
True
Does 13 divide 169?
True
Is 51 a factor of 298?
False
Is 1829 a multiple of 153?
False
Is 428 a multiple of 18?
False
Is 18237 a multiple of 31?
False
Does 18 divide 5184?
True
Is 20 a factor of 688?
False
Is 115 a factor of 28520?
True
Does 12 divide 1006?
False
Is 57 a factor of 570?
True
Is 28497 a multiple of 98?
False
Is 1065 a multiple of 100?
False
Is 227 even?
False
Is 1550 a multiple of 31?
True
Is 18 a factor of 5310?
True
Is 197 a factor of 8077?
True
Is 236 a multiple of 4?
True
Is 15 a factor of 40398?
False
Is 19 a factor of 2196?
False
Is 232 a factor of 13224?
True
Does 7 divide 1259?
False
Is 25770 a multiple of 30?
True
Does 195 divide 21255?
True
Does 52 divide 723?
False
Does 16 divide 32?
True
Is 30 a factor of 6615?
False
Does 3 divide 474?
True
Is 1696 a multiple of 53?
True
Is 67 a factor of 4942?
False
Does 58 divide 3202?
False
Is 13640 a multiple of 44?
True
Is 3476 a multiple of 11?
True
Is 1518 a multiple of 11?
True
Is 6 a factor of 3282?
True
Does 88 divide 1056?
True
Does 5 divide 145?
True
Is 22 a factor of 18172?
True
Does 29 divide 12996?
False
Is 90117 a multiple of 279?
True
Is 1616 a multiple of 52?
False
Does 50 divide 13639?
False
Does 58 divide 232?
True
Is 15 a factor of 39150?
True
Is 37396 a multiple of 127?
False
Is 7 a factor of 1232?
True
Is 14040 a multiple of 36?
True
Is 60 a multiple of 30?
True
Is 1486 a multiple of 22?
False
Is 1468 a multiple of 3?
False
Is 80697 a multiple of 37?
True
Does 12 divide 636?
True
Is 87 even?
False
Is 66 a factor of 3168?
True
Does 42 divide 1638?
True
Is 85 a factor of 595?
True
Does 11 divide 12562?
True
Does 25 divide 943?
False
Is 39 a factor of 2620?
False
Is 22 a factor of 484?
True
Is 18 a factor of 36?
True
Is 42 a factor of 25445?
False
Is 16 a factor of 8621?
False
Is 4698 a multiple of 18?
True
Is 6 a factor of 6124?
False
Is 187 a factor of 37153?
False
Is 14 a factor of 806?
False
Does 12 divide 114?
False
Does 36 divide 196?
False
Does 30 divide 259?
False
Does 12 divide 240?
True
Does 6 divide 488?
False
Is 34 a factor of 5576?
True
Is 16 a factor of 832?
True
Does 51 divide 6616?
False
Is 12420 a multiple of 20?
True
Is 5 a factor of 338?
False
Does 19 divide 22374?
False
Is 85 a factor of 10540?
True
Is 36 a multiple of 12?
True
Does 245 divide 37143?
False
Is 139 a factor of 11509?
False
Does 62 divide 1685?
False
Is 5028 a multiple of 28?
False
Is 162 a multiple of 6?
True
Is 24255 a multiple of 45?
True
Does 61 divide 2867?
True
Is 86674 a multiple of 287?
True
Is 3014 a multiple of 105?
False
Does 34 divide 1054?
True
Is 9 a factor of 623?
False
Does 45 divide 12452?
False
Does 8 divide 904?
True
Does 8 divide 743?
False
Is 3000 a multiple of 24?
True
Is 616 a multiple of 44?
True
Does 3 divide 3723?
True
Is 44 a factor of 1339?
False
Is 10 a factor of 1330?
True
Is 455 a multiple of 35?
True
Is 103 a factor of 412?
True
Does 3 divide 9969?
True
Is 28080 a multiple of 5?
True
Is 296 a multiple of 75?
False
Does 14 divide 211?
False
Is 34874 a multiple of 14?
True
Is 2 a factor of 28?
True
Is 5918 a multiple of 28?
False
Is 2934 a multiple of 18?
True
Does 9 divide 10989?
True
Does 4 divide 65?
False
Does 19 divide 2952?
False
Is 24286 a multiple of 3?
False
Is 1508 a multiple of 13?
True
Does 12 divide 660?
True
Does 7 divide 11978?
False
Is 360 a multiple of 16?
False
Does 26 divide 717?
False
Does 124 divide 6196?
False
Does 22 divide 220?
True
Is 57 a factor of 684?
True
Is 199 a factor of 97235?
False
Is 5 a factor of 40?
True
Does 78 divide 53853?
False
Does 11 divide 1052?
False
Does 32 divide 1267?
False
Is 7 a factor of 5768?
True
Is 3 a factor of 4675?
False
Does 13 divide 39017?
False
Is 1056 a multiple of 22?
True
Is 1742 a multiple of 129?
False
Is 3510 a multiple of 18?
True
Is 26 a factor of 217?
False
Is 2119 a multiple of 13?
True
Is 20 a factor of 21429?
False
Is 1091 a multiple of 9?
False
Is 184 a factor of 6808?
True
Does 4 divide 592?
True
Is 11 a factor of 2101?
True
Is 22 a factor of 6304?
False
Is 148920 a multiple of 120?
True
Is 10 a factor of 332?
False
Is 7 a factor of 9546?
False
Does 5 divide 900?
True
Does 7 divide 10297?
True
Is 116 a multiple of 5?
False
Is 4 a factor of 9756?
True
Does 80 divide 51760?
True
Does 90 divide 58500?
True
Is 6 a factor of 4697?
False
Is 70266 a multiple of 208?
False
Does 34 divide 1564?
True
Does 4 divide 640?
True
Is 17 a factor of 1275?
True
Is 22 a factor of 778?
False
Does 6 divide 25745?
False
Is 2162 a multiple of 46?
True
Is 3123 a multiple of 9?
True
Does 9 divide 846?
True
Is 1096 a multiple of 8?
True
Does 52 divide 5876?
True
Is 1662 a multiple of 5?
False
Does 4 divide 562?
False
Is 732 a multiple of 61?
True
Is 55605 a multiple of 15?
True
Is 43 a factor of 3698?
True
Does 30 divide 2432?
False
Does 99 divide 37521?
True
Is 165 a factor of 7486?
False
Is 939 a multiple of 23?
False
Is 10 a factor of 9868?
False
Does 22 divide 8842?
False
Does 82 divide 1845?
False
Does 6 divide 2483?
False
Does 45 divide 798?
False
Is 9 a factor of 108?
True
Is 2106 a multiple of 39?
True
Is 13 a factor of 57681?
True
Is 3160 a multiple of 62?
False
Does 7 divide 28?
True
Is 34 a factor of 135?
False
Does 49 divide 6681?
False
Is 89 a multiple of 3?
False
Does 19 divide 5206?
True
Is 54 a factor of 54?
True
Is 2128 a multiple of 76?
True
Does 19 divide 6080?
True
Is 17 a factor of 30359?
False
Is 16192 a multiple of 8?
True
Is 32575 a multiple of 21?
False
Does 171 divide 49674?
False
Is 65 a factor of 76?
False
Does 13 divide 949?
True
Is 8 a factor of 24096?
True
Is 108 a factor of 18109?
False
Does 8 divide 544?
True
Does 159 divide 10017?
True
Is 1044 a multiple of 17?
False
Is 760 a multiple of 20?
True
Does 20 divide 21?
False
Is 2451 a multiple of 43?
True
Does 89 divide 4531?
False
Is 294 a multiple of 21?
True
Does 26 divide 3276?
True
Is 36 a factor of 5868?
True
Does 121 divide 2299?
True
Is 91 a factor of 49615?
False
Is 23504 a multiple of 16?
True
Does 14 divide 4200?
True
Does 129 divide 62823?
True
Is 8 a factor of 76?
False
Is 1539 a multiple of 90?
False
Does 8 divide 368?
True
Is 340 a multiple of 45?
False
Does 55 divide 38060?
True
Does 25 divide 20729?
False
Is 9918 a multiple of 18?
True
Does 115 divide 82122?
False
Is 289 a multiple of 12?
False
Does 40 divide 58960?
True
Is 177 a factor of 23541?
True
Is 3740 a multiple of 22?
True
Is 451 a multiple of 12?
False
Does 148 divide 29896?
True
Is 12 a factor of 1068?
True
Does 108 divide 1836?
True
Is 100 a factor of 86302?
False
Is 807 a multiple of 8?
False
Does 36 divide 1152?
True
Is 5440 a multiple of 32?
True
Does 6 divide 1566?
True
Is 14 a factor of 514?
False
Is 4892 a multiple of 48?
False
Is 40 a factor of 640?
True
Is 168 a multiple of 11?
False
Is 52 a factor of 7739?
False
Is 6 a factor of 201?
False
Is 12593 a multiple of 309?
False
Is 9669 a multiple of 93?
False
Is 14 a factor of 1675?
False
Is 7097 a multiple of 151?
True
Is 47 a factor of 846?
True
Is 17 a factor of 1598?
True
Is 12367 a multiple of 24?
False
Is 48405 a multiple of 17?
False
Is 127 a factor of 27940?
True
Is 12693 a multiple of 299?
False
Does 14 divide 62952?
False
Is 675 a multiple of 15?
True
Is 1725 a multiple of 23?
True
Does 16 divide 6416?
True
Is 38836 a multiple of 48?
False
Is 32986 a multiple of 5?
False
Is 17 a factor of 2887?
False
Is 4536 a multiple of 162?
True
Does 47 divide 18048?
True
Is 2059 a multiple of 22?
False
Is 4251 a multiple of 21?
False
Does 13 divide 143?
True
Is 243 a multiple of 90?
False
Is 1303 a multiple of 48?
False
Does 8 divide 152?
True
Does 19 divi